hen (-1331)/242 - (-15812)/8 is divided by 653.
12
Suppose 31 = f + 7. What is the remainder when 2155/10 - 90/36 is divided by f?
21
Let w be (1 + (4 - 0))*(-16)/20. Suppose -4*m + 165 = m. What is the remainder when m is divided by 0 + (w - 0) + 13*2?
11
Let v = 3621 - 3590. What is the remainder when 214 is divided by v?
28
Let w(g) = 7*g - 117. Let y be w(18). What is the remainder when 17 is divided by 5/(y/(540/25))?
5
Let z be (-3)/4*(-8 - (-6 + 2)). Suppose 0 = -k - 5*r + z + 26, 5*r - 15 = 0. Calculate the remainder when 24 is divided by k.
10
Let b = -26054 - -31239. What is the remainder when b is divided by 1728?
1
Suppose 54906*p - 10282 = 54712*p. What is the remainder when -2 + 2 + (-418)/(-2) is divided by p?
50
Suppose 0 = -a - 0*a + 1. Suppose a = b - 7. Suppose -b*l + 269 = -115. What is the remainder when l is divided by 17?
14
Suppose -7448 = -72*z + 688. Calculate the remainder when 136 is divided by z.
23
Suppose 0 = 2*m - 6*m + 8*m. Let w be m - 9*(3 - 14). Let x = w - 68. Calculate the remainder when 118 is divided by x.
25
Calculate the remainder when 12*((-1)/((-5)/2) - 24034/(-915)) is divided by 92.
44
Let o be (-13)/((-3)/9*13 + 4). Let a = o + -35. Suppose -a*m = -5*s - 1108, -994 = -5*m - 3*s + 354. What is the remainder when m is divided by 39?
38
Let u = -53 - -75. Let z(r) = r**3 + 11*r**2 + 20*r - 3. Let n be z(-4). Suppose -214 = -n*g + 27*g. Calculate the remainder when g is divided by u.
19
What is the remainder when (216/504 + 48/(-14))/(4/(-428)) is divided by 36?
33
Suppose 5*u - 15 = 0, -2*y - 7*u + 717 = -11*u + u. Calculate the remainder when y is divided by (-4)/10 + 614/10.
58
Let m(n) be the second derivative of 1/6*n**4 - n**2 + 0*n**3 + 0 + 30*n - 21/20*n**5. What is the remainder when 32 is divided by m(-1)?
11
Suppose -4*z - 7 = -3*z. Let o(j) = -j**3 - 8*j**2 - 16*j - 45. Calculate the remainder when 71 is divided by o(z).
17
What is the remainder when 1188 + -14 - (-2 + -2) is divided by 235?
3
Let f = 397 - 408. Let b = f - -31. What is the remainder when 66 is divided by b?
6
Let n(g) = -g**2 - 34*g - 130. Suppose -w + l - 3*l + 6 = 0, -3*l = 2*w - 14. Calculate the remainder when n(-7) is divided by w.
9
Let s(n) = 3*n**2 + 25*n + 100. Calculate the remainder when 114 is divided by s(-6).
56
Let n = 15955 + -15482. Calculate the remainder when n is divided by 187.
99
Calculate the remainder when 1980 is divided by -98*(216/2052 - (-7)/((-1862)/104)).
20
Suppose 18*y = 42*y - 816. What is the remainder when 150 is divided by y?
14
Let c = -29924 - -30118. Calculate the remainder when 1047 is divided by c.
77
Let f = -9057 - -9067. What is the remainder when 1468 is divided by f?
8
Let a(d) = -25*d. Let o be a(-2). What is the remainder when ((-48)/18 - 8890/(-4191)) + 1051/11 is divided by o - 0 - (0 - 0)?
45
Let b(m) = 15*m**2 + m. Let h be ((-1)/1)/(-2)*2. Calculate the remainder when b(h) is divided by ((-12)/34)/(46/(-782)).
4
Suppose 35 = 2*g + 29. Let n be (g - 9) + -3 + 0. Calculate the remainder when ((219/n)/(4/12))/(-1) is divided by 37.
36
Let h(k) = 2*k**3 + 3*k**2 + 7*k - 3. Let l(c) = -4*c**3 - 4*c**2 - 15*c + 6. Let p(x) = -9*h(x) - 4*l(x). What is the remainder when p(-9) is divided by 24?
21
Let d(m) = -205*m - 2833. What is the remainder when 660 is divided by d(-17)?
8
Suppose -68*h - 70*h = -171810. Calculate the remainder when h is divided by 307.
17
Let a(h) = h**3 - 4*h + 5. Let t be a(0). Suppose 2*z - 6*d + 3*d = 52, -3*z + t*d + 76 = 0. What is the remainder when 125 is divided by z?
29
Suppose 14*l = -4*d + 11*l, 4*l = d + 19. Calculate the remainder when 109 + 6/d + -4 is divided by 52.
51
Let w(g) = g**3 - 36*g**2 + 280*g - 19. What is the remainder when 1083 is divided by w(10)?
178
Let m(b) = -78*b - 15. Calculate the remainder when m(-3) is divided by (-5)/((-10)/11)*(-2 - -6).
21
Let x(h) = h**2 + 5*h + 19. Let j be x(-2). Suppose 5*p = j*p - 104. What is the remainder when 166 is divided by p?
10
Calculate the remainder when (-437)/(-5) - (-6)/(-15) is divided by 9.
6
Let m(b) = -4*b**3 + 57*b**2 + 205*b - 5. Calculate the remainder when m(17) is divided by 111.
79
Suppose 5*i - 13 + 3 = 0, 3*i + 582 = s. Let k = -273 + s. Calculate the remainder when k is divided by 80.
75
Suppose 2*l = -51*l - 64*l + 2484378. What is the remainder when l is divided by 155?
154
Suppose 3*s - 3*a = 39, -57 = -3*s - 71*a + 68*a. Calculate the remainder when (-2)/2 - 0 - -304 is divided by s.
15
Suppose 2*i = 4*s, 4*i - 5*s + 5 = -4. Let w(h) = -4*h - 1. Calculate the remainder when 390276/9376 + 6/16 is divided by w(i).
19
Suppose 116 + 84 = 10*i. Let w(a) = -a**3 + 11*a**2 - 21*a + 19. Let l be w(9). What is the remainder when 86 is divided by 445/i - (-3 - 26/l)?
20
Let r(n) = -n**3 - 15*n**2 - 4*n + 19. Let v(c) = 5*c + 16. Let g(i) = -5*i + 45. Let p be g(9). Calculate the remainder when r(-15) is divided by v(p).
15
Let r = -1433 + 308. Let c = 27 + -13. Calculate the remainder when r/(-12)*64/48 is divided by c.
13
Let s(f) = 3*f**2 + 5*f - 4. Calculate the remainder when (-16 + -101)/(27/(-21)) is divided by s(-5).
45
Let k(g) = -2*g**2 + 10*g + 511. What is the remainder when (-2)/(-4) + (-2388)/(-8) is divided by k(18)?
41
Suppose 1571 + 656 = p + 2*a, 3*a - 6669 = -3*p. Calculate the remainder when 4446 is divided by p.
8
Let f be 8/(16/(-1106)) - -1. Calculate the remainder when f/(-9) + 56/84 is divided by 9.
8
Suppose -5618 = 22*u - 5728. Calculate the remainder when 1244 is divided by u.
4
Let c = 14391 - 10723. What is the remainder when c is divided by 6?
2
Let k = -674 - -1760. Suppose 0 = -6*x - 0*x + k. Calculate the remainder when x is divided by 61.
59
Suppose -596*x + 692333 = 81*x + 93865. What is the remainder when x is divided by 15?
14
Suppose -103 = -3*o - 5*a, 4*o = 5*a + 172 + 12. What is the remainder when 63 is divided by o?
22
Let a(o) = -o**3 - 10*o**2 - o - 6. Let x be a(-10). Calculate the remainder when (-2 + 0/2)*-59 is divided by (-45)/((14/35)/(x/(-15))).
28
Let h be ((-192)/6)/(-4) + -6. Suppose -h*l - 5*a + 4*a = -41, -l = -2*a - 8. Calculate the remainder when l is divided by (10 + (1 - 0))/1.
7
Suppose 246*g - 251*g - 2*s = -113, 5*s + 5 = 0. What is the remainder when g is divided by 3/((-15)/2)*-30?
11
Suppose -8*c + 44 = -12. Let r(m) = -m**2 + 11*m + 3. What is the remainder when 117 is divided by r(c)?
24
Let u = 111 - 61. Let m be -5 + (2 - 0) + 11. Suppose 0 = -3*g - 2*w + 41, -3*w - 62 = 3*g - m*g. Calculate the remainder when u is divided by g.
11
Calculate the remainder when 4705/1 + ((-41)/(-7) - 128/(-112)) is divided by 589.
0
Suppose 94*r + 120 = 104*r. Suppose 2*t = -w + 47, 65 = 2*t + 3*w + r. Let b = -15 - -24. What is the remainder when t is divided by b?
4
Suppose -2*v + 3396 = -362*k + 366*k, -3*k = 0. Calculate the remainder when v is divided by 37.
33
Calculate the remainder when 1796 is divided by (-156)/130*1845/(-6) + -12.
11
Let x(j) = -18*j**3 + j**2 + 11*j + 11. Let m = -209 - -208. What is the remainder when 30 is divided by x(m)?
11
Suppose 29*w - 2446 = 5082 + 2680. Calculate the remainder when 368 is divided by w.
16
Let u(m) = -m**3 - 17*m**2 - 15*m + 98. Suppose 6*p = 78 - 174. What is the remainder when u(p) is divided by 52?
30
Suppose 2*n + 131 = 4*i - 3*n, 5*i + 4*n - 133 = 0. What is the remainder when i is divided by ((-2)/(-4))/(5/60)?
5
What is the remainder when 436/8 + 30/(-20) is divided by 9*(-15)/20*-4?
26
Let p = -341 + 343. Suppose 63 = p*b - 3. Calculate the remainder when b is divided by 2*(27/(-2))/(-3).
6
Let v = -16755 - -16785. What is the remainder when 305 is divided by v?
5
Let r(f) = -4*f**3 - 17*f**2 - 73*f - 634. What is the remainder when r(-11) is divided by 429?
4
Let o = -2797 - -2861. Calculate the remainder when 113 is divided by o.
49
Suppose -4*c + x + 4892 = -6344, 5*x = 2*c - 5618. Calculate the remainder when c is divided by 148.
145
Let m(f) be the third derivative of f**5/15 + f**4/6 + 5*f**3/6 + 533*f**2 + 2*f. Suppose 0 = 5*y + 21 - 6. What is the remainder when m(y) is divided by 15?
14
Suppose 1260 = 26*c + 4*c. Suppose -6*w - c = -20*w. Calculate the remainder when 11 is divided by w.
2
Let j(p) = p**2 - 17*p + 16. Let i = -45 - -62. Suppose 0 = 3*